{"id":507,"date":"2017-09-15T16:18:43","date_gmt":"2017-09-15T16:18:43","guid":{"rendered":"http:\/\/wuerziges.de\/?page_id=507"},"modified":"2025-01-13T14:03:14","modified_gmt":"2025-01-13T14:03:14","slug":"herzlich-willkommen","status":"publish","type":"page","link":"https:\/\/wuerziges.de\/","title":{"rendered":"Herzlich Willkommen"},"content":{"rendered":"<p><a href=\"https:\/\/wuerziges.de\/wp-content\/uploads\/2017\/03\/cropped-gewuerze039x_540.jpg\"><img loading=\"lazy\" decoding=\"async\" class=\"wp-image-37 aligncenter\" src=\"https:\/\/wuerziges.de\/wp-content\/uploads\/2017\/03\/cropped-gewuerze039x_540-300x300.jpg\" alt=\"\" width=\"443\" height=\"443\" srcset=\"https:\/\/wuerziges.de\/wp-content\/uploads\/2017\/03\/cropped-gewuerze039x_540-300x300.jpg 300w, https:\/\/wuerziges.de\/wp-content\/uploads\/2017\/03\/cropped-gewuerze039x_540-150x150.jpg 150w, https:\/\/wuerziges.de\/wp-content\/uploads\/2017\/03\/cropped-gewuerze039x_540-270x270.jpg 270w, https:\/\/wuerziges.de\/wp-content\/uploads\/2017\/03\/cropped-gewuerze039x_540-192x192.jpg 192w, https:\/\/wuerziges.de\/wp-content\/uploads\/2017\/03\/cropped-gewuerze039x_540-180x180.jpg 180w, https:\/\/wuerziges.de\/wp-content\/uploads\/2017\/03\/cropped-gewuerze039x_540-32x32.jpg 32w, https:\/\/wuerziges.de\/wp-content\/uploads\/2017\/03\/cropped-gewuerze039x_540.jpg 512w\" sizes=\"auto, (max-width: 443px) 100vw, 443px\" \/><\/a><\/p>\n<p style=\"text-align: center;\">Diese Seite ist f\u00fcr Sie zum St\u00f6bern und Kennenlernen unseres Warenangebotes.<\/p>\n<p style=\"text-align: center;\">Sie sind herzlich willkommen auf unseren Wochen- und Weihnachtsm\u00e4rkten (siehe M\u00e4rkte).<\/p>\n<p>Wir freuen uns auf Sie!!!<\/p>\n<p>Franks Kr\u00e4uter- und Gew\u00fcrzwelt<\/p>\n<p>Michael Frank und Team<\/p>\n","protected":false},"excerpt":{"rendered":"<p>Diese Seite ist f\u00fcr Sie zum St\u00f6bern und Kennenlernen unseres Warenangebotes. Sie sind herzlich willkommen auf unseren Wochen- und Weihnachtsm\u00e4rkten (siehe M\u00e4rkte). Wir freuen uns auf Sie!!! Franks Kr\u00e4uter- und Gew\u00fcrzwelt Michael Frank und Team<\/p>\n","protected":false},"author":1,"featured_media":0,"parent":0,"menu_order":0,"comment_status":"closed","ping_status":"closed","template":"","meta":{"footnotes":""},"class_list":["post-507","page","type-page","status-publish","hentry"],"_links":{"self":[{"href":"https:\/\/wuerziges.de\/index.php?rest_route=\/wp\/v2\/pages\/507","targetHints":{"allow":["GET"]}}],"collection":[{"href":"https:\/\/wuerziges.de\/index.php?rest_route=\/wp\/v2\/pages"}],"about":[{"href":"https:\/\/wuerziges.de\/index.php?rest_route=\/wp\/v2\/types\/page"}],"author":[{"embeddable":true,"href":"https:\/\/wuerziges.de\/index.php?rest_route=\/wp\/v2\/users\/1"}],"replies":[{"embeddable":true,"href":"https:\/\/wuerziges.de\/index.php?rest_route=%2Fwp%2Fv2%2Fcomments&post=507"}],"version-history":[{"count":9,"href":"https:\/\/wuerziges.de\/index.php?rest_route=\/wp\/v2\/pages\/507\/revisions"}],"predecessor-version":[{"id":1259,"href":"https:\/\/wuerziges.de\/index.php?rest_route=\/wp\/v2\/pages\/507\/revisions\/1259"}],"wp:attachment":[{"href":"https:\/\/wuerziges.de\/index.php?rest_route=%2Fwp%2Fv2%2Fmedia&parent=507"}],"curies":[{"name":"wp","href":"https:\/\/api.w.org\/{rel}","templated":true}]}}